rue
Does 19 divide 152012?
False
Is 1223288 a multiple of 44?
True
Is 133 a factor of 27664?
True
Is 52 a factor of 4400597?
False
Is 631060 a multiple of 227?
True
Does 255 divide 353940?
True
Is 321 a factor of 312602?
False
Does 124 divide 7973?
False
Does 57 divide 256064?
False
Is 712620 a multiple of 74?
True
Is 155231 a multiple of 82?
False
Is 214479 a multiple of 190?
False
Is 2 a factor of 245084?
True
Is 376 a factor of 1825341?
False
Does 39 divide 28684?
False
Is 511 a factor of 2857379?
False
Is 17 a factor of 48161?
True
Does 23 divide 3335092?
True
Does 24 divide 59681?
False
Is 34 a factor of 138516?
True
Does 16 divide 2426640?
True
Is 3664555 a multiple of 1764?
False
Is 3907932 a multiple of 4?
True
Is 8983872 a multiple of 300?
False
Does 25 divide 11914290?
False
Is 272844 a multiple of 83?
False
Is 9 a factor of 2861017?
False
Does 62 divide 1873826?
True
Is 4302833 a multiple of 12?
False
Is 7315278 a multiple of 22?
False
Is 5725338 a multiple of 366?
True
Is 433328 a multiple of 54?
False
Is 228 a factor of 20121?
False
Is 173080 a multiple of 16?
False
Is 16320 a multiple of 11?
False
Is 495972 a multiple of 138?
True
Is 16042 a multiple of 15?
False
Does 191 divide 88054?
False
Is 1028063 a multiple of 83?
False
Does 586 divide 34207?
False
Does 10 divide 262290?
True
Is 26 a factor of 1639860?
False
Is 3564405 a multiple of 71?
False
Does 60 divide 17696446?
False
Is 30 a factor of 1486080?
True
Is 34075 a multiple of 5?
True
Does 506 divide 400950?
False
Is 142 a factor of 270084?
True
Is 46 a factor of 194488?
True
Is 123 a factor of 480315?
True
Is 44 a factor of 97356?
False
Is 2 a factor of 81282?
True
Is 12 a factor of 1222621?
False
Does 151 divide 1732423?
True
Does 198 divide 20557?
False
Is 381920 a multiple of 31?
True
Is 78235 a multiple of 70?
False
Is 276318 a multiple of 384?
False
Is 5 a factor of 96080?
True
Does 113 divide 430023?
False
Is 507644 a multiple of 27?
False
Is 96 a factor of 969984?
True
Is 87080 a multiple of 63?
False
Does 26 divide 4157635?
False
Is 39140 a multiple of 3?
False
Is 489 a factor of 4271688?
False
Does 43 divide 275936?
False
Does 16 divide 714664?
False
Is 101170 a multiple of 6?
False
Is 386775 a multiple of 191?
True
Is 414 a factor of 745858?
False
Does 154 divide 6973?
False
Is 121612 a multiple of 21?
False
Is 19 a factor of 316122?
True
Does 10 divide 459393?
False
Is 133 a factor of 167580?
True
Is 98829 a multiple of 279?
False
Is 410233 a multiple of 401?
False
Is 2028 a factor of 11803115?
False
Is 3 a factor of 46843?
False
Is 101 a factor of 1721936?
False
Does 65 divide 7869008?
False
Does 555 divide 244155?
False
Does 29 divide 6789509?
True
Is 3419249 a multiple of 7?
False
Does 24 divide 1560?
True
Is 135744 a multiple of 48?
True
Is 528599 a multiple of 19?
True
Is 3535605 a multiple of 9?
True
Is 130927 a multiple of 6?
False
Is 3038850 a multiple of 90?
True
Is 76545 a multiple of 315?
True
Is 25662 a multiple of 141?
True
Does 13 divide 545652?
False
Is 293 a factor of 7956364?
False
Is 1774570 a multiple of 41?
False
Is 366279 a multiple of 8?
False
Does 344 divide 5271621?
False
Does 6 divide 1177365?
False
Is 158503 a multiple of 57?
False
Does 26 divide 52416?
True
Does 166 divide 17181696?
False
Is 13 a factor of 18818205?
False
Is 60544 a multiple of 90?
False
Does 184 divide 1288?
True
Does 9 divide 475785?
True
Is 611 a factor of 15884505?
False
Is 18 a factor of 5041404?
True
Does 79 divide 554975?
True
Is 106936 a multiple of 58?
False
Does 15 divide 5810027?
False
Is 14166650 a multiple of 1678?
False
Is 339 a factor of 1867994?
False
Is 19 a factor of 559759?
True
Does 244 divide 30744?
True
Is 23 a factor of 1794207?
True
Is 205988 a multiple of 4?
True
Does 637 divide 843388?
True
Is 15302 a multiple of 9?
False
Is 44563 a multiple of 6?
False
Is 46 a factor of 18066323?
False
Is 534618 a multiple of 42?
True
Is 3925590 a multiple of 19?
True
Is 82290 a multiple of 133?
False
Does 6 divide 175400?
False
Does 23 divide 891710?
True
Is 24 a factor of 32568?
True
Is 5 a factor of 201970?
True
Is 25 a factor of 6425?
True
Is 63440 a multiple of 17?
False
Is 968570 a multiple of 2?
True
Does 58 divide 22706?
False
Is 29 a factor of 15283?
True
Is 75841 a multiple of 10?
False
Is 3 a factor of 612924?
True
Is 110 a factor of 14560010?
False
Is 13 a factor of 48745?
False
Does 112 divide 1950480?
True
Does 163 divide 607067?
False
Is 6553 a multiple of 28?
False
Is 1011850 a multiple of 16?
False
Is 341 a factor of 701531?
False
Does 29 divide 13237?
False
Is 108 a factor of 694411?
False
Is 429 a factor of 5232175?
False
Is 93 a factor of 34359?
False
Does 310 divide 1655400?
True
Does 14 divide 2616026?
True
Is 298 a factor of 4127535?
False
Is 3178 a multiple of 32?
False
Is 5495256 a multiple of 6?
True
Does 14 divide 19488?
True
Is 78 a factor of 186673?
False
Is 106 a factor of 92114?
True
Does 20 divide 448413?
False
Is 6 a factor of 17216?
False
Does 1844 divide 13162805?
False
Is 15 a factor of 2143537?
False
Does 48 divide 76176?
True
Is 217206 a multiple of 22?
True
Does 12 divide 121939?
False
Is 291081 a multiple of 42?
False
Is 15 a factor of 535785?
True
Is 680238 a multiple of 19?
True
Is 34317594 a multiple of 34?
True
Is 163 a factor of 43726?
False
Is 339 a factor of 384552?
False
Does 278 divide 2438338?
True
Is 169875 a multiple of 25?
True
Does 78 divide 149581?
False
Is 576702 a multiple of 46?
True
Is 93907 a multiple of 32?
False
Does 88 divide 163903?
False
Is 1853722 a multiple of 116?
False
Is 804060 a multiple of 15?
True
Is 588393 a multiple of 39?
True
Is 404 a factor of 563984?
True
Is 15 a factor of 8640?
True
Does 2 divide 226?
True
Is 927 a factor of 1170859?
False
Is 83 a factor of 1275184?
False
Is 119853 a multiple of 210?
False
Is 15 a factor of 76174?
False
Is 81416 a multiple of 29?
False
Is 2688400 a multiple of 235?
True
Does 5 divide 104710?
True
Is 54 a factor of 411480?
True
Is 3718640 a multiple of 368?
True
Is 212101 a multiple of 2?
False
Is 277 a factor of 573390?
True
Does 34 divide 3557590?
True
Does 948 divide 948868?
False
Does 27 divide 473148?
True
Is 995874 a multiple of 22?
True
Is 520 a factor of 93600?
True
Is 6593001 a multiple of 201?
True
Is 952 a factor of 1821539?
False
Is 32302 a multiple of 5?
False
Is 1997 a factor of 6831992?
False
Is 18 a factor of 94392?
True
Is 8 a factor of 13874?
False
Is 328 a factor of 538248?
True
Is 52 a factor of 529695?
False
Is 115 a factor of 2209305?
False
Is 26 a factor of 1520142?
True
Does 251 divide 2682380?
False
Is 6 a factor of 100287?
False
Is 268 a factor of 4279692?
True
Does 17 divide 20080341?
False
Is 139 a factor of 1567642?
True
Does 4 divide 622114?
False
Is 2468445 a multiple of 79?
False
Is 1152137 a multiple of 21?
False
Is 3 a factor of 39846?
True
Is 515358 a multiple of 113?
False
Does 3 divide 87900?
True
Does 240 divide 5143?
False
Is 15096 a multiple of 37?
True
Is 605387 a multiple of 149?
True
Is 449 a factor of 276584?
True
Is 520400 a multiple of 1301?
True
Is 12432019 a multiple of 1087?
True
Does 383 divide 1062442?
True
Is 1213815 a multiple of 285?
True
Is 2061115 a multiple of 712?
False
Is 55458 a multiple of 22?
False
Does 125 divide 7625?
True
Does 1246 divide 561388?
False
Does 33 divide 229284?
True
Is 15 a factor of 83190?
True
Is 203560 a multiple of 15?
False
Is 14 a factor of 41300?
True
Is 6 a factor of 1186932?
True
Is 393 a factor of 7990948?
False
Is 58 a factor of 1641944?
False
Does 4 divide 83519?
False
Does 55 divide 248858?
False
Is 4099797 a multiple of 117?
True
Is 810491 a multiple of 614?
False
Does 3225 divide 919125?
True
Does 472 divide 3142318?
False
Is 174517 a multiple of 22?
False
Does 106 divide 94234?
True
Is 759601 a multiple of 13?
False
Is 763572 a multiple of 12?
True
Is 55 a factor of 206055?
False
Does 8 divide 120592?
True
Is 663360 a multiple of 45?
False
Is 1633494 a multiple of 6?
True
Does 2457 divide 29941002?
True
Is 33 a factor of 586032?
False
Does 4 divide 9952?
True
Is 15 a factor of 9893756?
False
Does 136 divide 2319752?
True
Is 393865 a multiple of 36?
False
Is 832403 a multiple of 8?
False
Does 5 divide 22790?
True
Does 9 divide 141190?
False
Is 258570 